{"id":354,"date":"2025-07-16T15:57:55","date_gmt":"2025-07-16T14:57:55","guid":{"rendered":"https:\/\/bfriendsforever.com\/?page_id=354"},"modified":"2026-02-11T18:38:54","modified_gmt":"2026-02-11T17:38:54","slug":"festival-boom-2025","status":"publish","type":"page","link":"https:\/\/bfriendsforever.com\/?page_id=354&lang=pt","title":{"rendered":"Being Gathering 2026"},"content":{"rendered":"\t\t<div data-elementor-type=\"wp-page\" data-elementor-id=\"354\" class=\"elementor elementor-354\">\n\t\t\t\t<div class=\"elementor-element elementor-element-6ab7278 e-grid e-con-boxed e-con e-parent\" data-id=\"6ab7278\" data-element_type=\"container\" data-settings=\"{&quot;background_background&quot;:&quot;slideshow&quot;,&quot;background_slideshow_slide_transition&quot;:&quot;slide_up&quot;,&quot;background_slideshow_gallery&quot;:[],&quot;background_slideshow_slide_duration&quot;:5000,&quot;background_slideshow_transition_duration&quot;:500}\">\n\t\t\t\t\t<div class=\"e-con-inner\">\n\t\t\t\t<div class=\"elementor-element elementor-element-0db7b58 elementor-widget elementor-widget-text-editor\" data-id=\"0db7b58\" data-element_type=\"widget\" data-widget_type=\"text-editor.default\">\n\t\t\t\t\t\t\t\t\tDe <strong data-start=\"155\" data-end=\"181\">1 a 5 de julho de 2026<\/strong>, a energia volta a vibrar em <strong data-start=\"211\" data-end=\"223\">BOOMLAND<\/strong> \u2014 e a <strong data-start=\"230\" data-end=\"251\">B Friends Forever<\/strong> vai estar presente!\n\n<br><br>\nNum dos festivais mais vision\u00e1rios do mundo, onde a arte, a m\u00fasica, a sustentabilidade e a liberdade se unem, vamos marcar presen\u00e7a com o nosso servi\u00e7o de <strong>aluguer de bicicletas e material de campismo<\/strong>. Queremos ajudar-te a viver esta experi\u00eancia de forma ainda mais leve, livre e ecol\u00f3gica.\n\n<br>\n<br><ul><ul><strong>O que vamos levar:<\/strong>\n\n<ul>\n \t<li style=\"list-style-type: none;\">\n<ul>\n \t<li style=\"list-style-type: none;\">\n<ul>\u2705\u00a0\u00a0\u00a0\u00a0\u00a0Aluguer de bicicletas para explorar a BoomLand e a zona envolvente<\/ul>\n<\/li>\n \t<li style=\"list-style-type: none;\">\n<ul>\u2705\u00a0\u00a0\u00a0\u00a0\u00a0Equipamento de campismo pronto a usar: tendas, colch\u00f5es, mochilas e muito mais<\/ul>\n<\/li>\n \t<li style=\"list-style-type: none;\">\n<ul>\u2705\u00a0\u00a0\u00a0\u00a0Sustainable solutions for a comfortable and conscious stay<\/ul>\n<\/li>\n \t<li style=\"list-style-type: none;\">\n<ul>\u2705\u00a0\u00a0\u00a0\u00a0Good energy, community spirit, and a lot of love for nature \ud83c\udf3f<\/ul>\n<\/li>\n<\/ul>\n<\/li>\n<\/ul>\n\n<strong>Porqu\u00ea escolher a B Friends Forever no Boom? <\/strong>\n\n\n<ul>\n \t<li style=\"list-style-type: none;\">\n<ul>\n \t<li style=\"list-style-type: none;\">\n<ul>Porque acreditamos nos mesmos valores:\n<strong>partilha, consci\u00eancia ecol\u00f3gica e liberdade de movimento.<\/strong>\n<br>Quer sejas um explorador solit\u00e1rio, uma tribo de amigos ou uma fam\u00edlia viajante, temos o que precisas para viver o Boom da melhor forma.<\/ul>\n<\/li>\n<\/ul>\n<\/li>\n<\/ul>\n\n&nbsp;\n<br>\n<strong>Explore. Share. Live.<\/strong>\n<br>\n<strong>&#8211; B Friends Forever<\/strong>\t\t\t\t\t\t\t\t<\/div>\n\t\t\t\t\t<\/div>\n\t\t\t\t<\/div>\n\t\t\t\t<\/div>\n\t\t","protected":false},"excerpt":{"rendered":"<p>De 1 a 5 de julho de 2026, a energia volta a vibrar em BOOMLAND \u2014 e a B Friends Forever vai estar presente! Num dos festivais mais vision\u00e1rios do mundo, onde a arte, a m\u00fasica, a sustentabilidade e a liberdade se unem, vamos marcar presen\u00e7a com o nosso servi\u00e7o de aluguer de bicicletas e material de campismo. Queremos ajudar-te a viver esta experi\u00eancia de forma ainda mais leve, livre e ecol\u00f3gica. O que vamos levar: \u2705\u00a0\u00a0\u00a0\u00a0\u00a0Aluguer de bicicletas para explorar a BoomLand e a zona envolvente \u2705\u00a0\u00a0\u00a0\u00a0\u00a0Equipamento de campismo pronto a usar: tendas, colch\u00f5es, mochilas e muito mais \u2705\u00a0\u00a0\u00a0\u00a0Sustainable solutions for a comfortable and conscious stay \u2705\u00a0\u00a0\u00a0\u00a0Good energy, community spirit, and a lot of love for nature \ud83c\udf3f Porqu\u00ea escolher a B Friends Forever no Boom? Porque acreditamos nos mesmos valores: partilha, consci\u00eancia ecol\u00f3gica e liberdade de movimento. Quer sejas um explorador solit\u00e1rio, uma tribo de amigos ou uma&hellip;<\/p>\n<p> <a class=\"more-link\" href=\"https:\/\/bfriendsforever.com\/?page_id=354&#038;lang=pt\">Read more<\/a><\/p>\n","protected":false},"author":1,"featured_media":0,"parent":0,"menu_order":0,"comment_status":"closed","ping_status":"open","template":"","meta":{"footnotes":""},"class_list":["post-354","page","type-page","status-publish"],"_links":{"self":[{"href":"https:\/\/bfriendsforever.com\/index.php?rest_route=\/wp\/v2\/pages\/354","targetHints":{"allow":["GET"]}}],"collection":[{"href":"https:\/\/bfriendsforever.com\/index.php?rest_route=\/wp\/v2\/pages"}],"about":[{"href":"https:\/\/bfriendsforever.com\/index.php?rest_route=\/wp\/v2\/types\/page"}],"author":[{"embeddable":true,"href":"https:\/\/bfriendsforever.com\/index.php?rest_route=\/wp\/v2\/users\/1"}],"replies":[{"embeddable":true,"href":"https:\/\/bfriendsforever.com\/index.php?rest_route=%2Fwp%2Fv2%2Fcomments&post=354"}],"version-history":[{"count":9,"href":"https:\/\/bfriendsforever.com\/index.php?rest_route=\/wp\/v2\/pages\/354\/revisions"}],"predecessor-version":[{"id":380,"href":"https:\/\/bfriendsforever.com\/index.php?rest_route=\/wp\/v2\/pages\/354\/revisions\/380"}],"wp:attachment":[{"href":"https:\/\/bfriendsforever.com\/index.php?rest_route=%2Fwp%2Fv2%2Fmedia&parent=354"}],"curies":[{"name":"wp","href":"https:\/\/api.w.org\/{rel}","templated":true}]}}