{"id":231,"date":"2025-07-16T05:49:26","date_gmt":"2025-07-16T04:49:26","guid":{"rendered":"https:\/\/bfriendsforever.com\/?page_id=231"},"modified":"2026-02-11T18:36:56","modified_gmt":"2026-02-11T17:36:56","slug":"regras-de-aluguer-e-utilizacao-do-material","status":"publish","type":"page","link":"https:\/\/bfriendsforever.com\/?page_id=231&lang=pt","title":{"rendered":"Regras de Aluguer e Utiliza\u00e7\u00e3o do Material"},"content":{"rendered":"\t\t<div data-elementor-type=\"wp-page\" data-elementor-id=\"231\" class=\"elementor elementor-231\">\n\t\t\t\t<div class=\"elementor-element elementor-element-6ab7278 e-grid e-con-boxed e-con e-parent\" data-id=\"6ab7278\" data-element_type=\"container\" data-settings=\"{&quot;background_background&quot;:&quot;slideshow&quot;,&quot;background_slideshow_slide_transition&quot;:&quot;slide_up&quot;,&quot;background_slideshow_gallery&quot;:[],&quot;background_slideshow_slide_duration&quot;:5000,&quot;background_slideshow_transition_duration&quot;:500}\">\n\t\t\t\t\t<div class=\"e-con-inner\">\n\t\t\t\t<div class=\"elementor-element elementor-element-0db7b58 elementor-widget elementor-widget-text-editor\" data-id=\"0db7b58\" data-element_type=\"widget\" data-widget_type=\"text-editor.default\">\n\t\t\t\t\t\t\t\t\t<p>Para garantir uma experi\u00eancia segura, justa e consciente para todos, o aluguer de bicicletas e material de campismo com a <strong>B Friends Forever<\/strong> est\u00e1 sujeito \u00e0s seguintes regras:<\/p><ol><li style=\"list-style-type: none;\"><ol start=\"1\"><li><strong> Utiliza\u00e7\u00e3o dentro do recinto da BOOMLAND<\/strong><\/li><\/ol><\/li><\/ol><ol><li style=\"list-style-type: none;\"><ul><li style=\"list-style-type: none;\"><ul><li>O material alugado <strong>n\u00e3o pode ser retirado do recinto da BOOMLAND<\/strong>.<\/li><li>O uso \u00e9 exclusivo durante o per\u00edodo do evento e nas \u00e1reas autorizadas.<\/li><\/ul><\/li><\/ul><\/li><\/ol><ol><li style=\"list-style-type: none;\"><ol start=\"2\"><li><strong> Condi\u00e7\u00e3o do material e registo<\/strong><\/li><\/ol><\/li><\/ol><ol><li style=\"list-style-type: none;\"><ul><li style=\"list-style-type: none;\"><ul><li>O material deve ser <strong>devolvido nas mesmas condi\u00e7\u00f5es em que foi entregue<\/strong>.<\/li><li><strong>No momento da rece\u00e7\u00e3o<\/strong>, o utilizador dever\u00e1 <strong>tirar fotografias e\/ou realizar um v\u00eddeo<\/strong> do material como prova do seu estado inicial.<\/li><li>Este registo serve para proteger ambas as partes em caso de diverg\u00eancia no momento da devolu\u00e7\u00e3o.<\/li><\/ul><\/li><\/ul><\/li><\/ol><ol><li style=\"list-style-type: none;\"><ol start=\"3\"><li><strong> Pagamento e cau\u00e7\u00e3o<\/strong><\/li><\/ol><\/li><\/ol><ol><li style=\"list-style-type: none;\"><ul><li style=\"list-style-type: none;\"><ul><li>O valor do aluguer e a <strong>cau\u00e7\u00e3o associada<\/strong> dever\u00e3o ser pagos <strong>no momento da entrega do material<\/strong>.<\/li><li>A cau\u00e7\u00e3o ser\u00e1 <strong>devolvida na \u00edntegra no ato da devolu\u00e7\u00e3o<\/strong>, desde que o material esteja nas condi\u00e7\u00f5es originais.<\/li><\/ul><\/li><\/ul><\/li><\/ol><ol><li style=\"list-style-type: none;\"><ol start=\"4\"><li><strong> Danos, responsabilidade e repara\u00e7\u00f5es<\/strong><\/li><\/ol><\/li><\/ol><ol><li style=\"list-style-type: none;\"><ul><li style=\"list-style-type: none;\"><ul><li>Caso se verifique <strong>qualquer dano<\/strong>, o utilizador dever\u00e1 <strong>informar obrigatoriamente a B Friends Forever<\/strong> de forma imediata.<\/li><li><strong>Todas as repara\u00e7\u00f5es ser\u00e3o efetuadas exclusivamente pelos t\u00e9cnicos da B Friends Forever<\/strong>, salvo em casos onde haja <strong>autoriza\u00e7\u00e3o escrita pr\u00e9via<\/strong> para que o pr\u00f3prio utilizador proceda \u00e0 repara\u00e7\u00e3o.<\/li><li>Qualquer <strong>repara\u00e7\u00e3o realizada sem autoriza\u00e7\u00e3o escrita<\/strong> poder\u00e1 resultar na <strong>perda parcial ou total da cau\u00e7\u00e3o<\/strong>.<\/li><li>\u26a0\ufe0f <strong>Qualquer dano causado no material, e\/ou por meio do material (em pessoas, bens ou terceiros), \u00e9 da inteira responsabilidade de quem alugou o equipamento.<\/strong><\/li><li>A <strong>B Friends Forever n\u00e3o poder\u00e1 ser responsabilizada por qualquer acidente, preju\u00edzo ou dano<\/strong> resultante do uso indevido, negligente ou imprudente do material alugado.<\/li><\/ul><\/li><\/ul><\/li><\/ol><p>\u00a0<\/p><p>Estas regras visam garantir a boa utiliza\u00e7\u00e3o do equipamento, a seguran\u00e7a dos utilizadores e a durabilidade dos nossos materiais.<br \/>Obrigado por respeitares estas condi\u00e7\u00f5es e por fazeres parte de uma comunidade consciente e respons\u00e1vel.<\/p><p><br \/><br \/><\/p><p><strong>Explora. Partilha. Vive.<\/strong><br \/><strong>\u2014 B Friends Forever<\/strong><\/p>\t\t\t\t\t\t\t\t<\/div>\n\t\t\t\t\t<\/div>\n\t\t\t\t<\/div>\n\t\t\t\t<\/div>\n\t\t","protected":false},"excerpt":{"rendered":"<p>Para garantir uma experi\u00eancia segura, justa e consciente para todos, o aluguer de bicicletas e material de campismo com a B Friends Forever est\u00e1 sujeito \u00e0s seguintes regras: Utiliza\u00e7\u00e3o dentro do recinto da BOOMLAND O material alugado n\u00e3o pode ser retirado do recinto da BOOMLAND. O uso \u00e9 exclusivo durante o per\u00edodo do evento e nas \u00e1reas autorizadas. Condi\u00e7\u00e3o do material e registo O material deve ser devolvido nas mesmas condi\u00e7\u00f5es em que foi entregue. No momento da rece\u00e7\u00e3o, o utilizador dever\u00e1 tirar fotografias e\/ou realizar um v\u00eddeo do material como prova do seu estado inicial. Este registo serve para proteger ambas as partes em caso de diverg\u00eancia no momento da devolu\u00e7\u00e3o. Pagamento e cau\u00e7\u00e3o O valor do aluguer e a cau\u00e7\u00e3o associada dever\u00e3o ser pagos no momento da entrega do material. A cau\u00e7\u00e3o ser\u00e1 devolvida na \u00edntegra no ato da devolu\u00e7\u00e3o, desde que o material esteja nas condi\u00e7\u00f5es originais.&hellip;<\/p>\n<p> <a class=\"more-link\" href=\"https:\/\/bfriendsforever.com\/?page_id=231&#038;lang=pt\">Read more<\/a><\/p>\n","protected":false},"author":1,"featured_media":0,"parent":0,"menu_order":0,"comment_status":"closed","ping_status":"open","template":"","meta":{"footnotes":""},"class_list":["post-231","page","type-page","status-publish"],"_links":{"self":[{"href":"https:\/\/bfriendsforever.com\/index.php?rest_route=\/wp\/v2\/pages\/231","targetHints":{"allow":["GET"]}}],"collection":[{"href":"https:\/\/bfriendsforever.com\/index.php?rest_route=\/wp\/v2\/pages"}],"about":[{"href":"https:\/\/bfriendsforever.com\/index.php?rest_route=\/wp\/v2\/types\/page"}],"author":[{"embeddable":true,"href":"https:\/\/bfriendsforever.com\/index.php?rest_route=\/wp\/v2\/users\/1"}],"replies":[{"embeddable":true,"href":"https:\/\/bfriendsforever.com\/index.php?rest_route=%2Fwp%2Fv2%2Fcomments&post=231"}],"version-history":[{"count":13,"href":"https:\/\/bfriendsforever.com\/index.php?rest_route=\/wp\/v2\/pages\/231\/revisions"}],"predecessor-version":[{"id":379,"href":"https:\/\/bfriendsforever.com\/index.php?rest_route=\/wp\/v2\/pages\/231\/revisions\/379"}],"wp:attachment":[{"href":"https:\/\/bfriendsforever.com\/index.php?rest_route=%2Fwp%2Fv2%2Fmedia&parent=231"}],"curies":[{"name":"wp","href":"https:\/\/api.w.org\/{rel}","templated":true}]}}